(17 + -10).
-34
Calculate -1 + -3 + -6 - (14 - -7 - -24).
-55
What is -5 - 2 - -12 - (-144 - -191)?
-42
What is the value of (723 - 655) + -25 + (6 - 2)?
47
What is the value of 193 - 95 - (-1 + (-4 - -6) - -8)?
89
What is 1 - 5 - (-33 - -37) - (-11 + -76)?
79
What is (5 - 1) + -30 - (3 + -6 + 1)?
-24
What is the value of -56 + (20 - -16) + 62?
42
Calculate 54 + -93 + -12 + -14.
-65
29 - (6 + 46) - (-52 + 11)
18
Calculate (72 - 89) + 55 + (1 - -1 - 14).
26
Evaluate -38 + (61 - 24) + -9 + -53.
-63
Evaluate (-12 - (2 - (6 + (6 - 18)))) + 13.
-7
Evaluate 27 + -81 + -8 + -14 + 24.
-52
What is the value of -7 + -25 - (-105 + 140)?
-67
Calculate 52 + -3 + (278 + -263 - (4 + 2)).
58
Calculate 1 + -100 - (-10541 - -10385).
57
(-16345 - -16348) + (-2 - (-91 - 2))
94
Evaluate 20 - (16 - -2) - 32 - (3 + 0).
-33
Calculate (9 + 6 - 17) + -18 + 9.
-11
-2 + 1 + -6 + (60 + -165 - -88)
-24
-24 - (-2 + -96 + 25)
49
-5 + (-18 - (-1 + -13)) + -18 + 0
-27
Evaluate -54 + (11 + 10 - 6) + 5.
-34
Calculate -93 - (41 - 57) - -51.
-26
Calculate 26 - 16 - 10 - -74.
74
What is the value of 3 + -10 + -3 - (309 - 418) - -7?
106
Evaluate 1 + -53 - (-1749 - -1727).
-30
Calculate 10 + -6 + 11 + 37 + -36 - -27.
43
-57 - 0 - ((10 - (3 - 2)) + (-1065 - -1057))
-58
What is -36 + -1 - (-289 + -24 - -244)?
32
Calculate -136 - 43 - (-57 + -44).
-78
Calculate -6 - (0 + 0 + 0) - (-3925 + 3943).
-24
Evaluate 16 + (-55 - -31) + (12 - (-5 - -5)).
4
Calculate (-9 - (-17 - 8) - -28) + -10.
34
What is the value of 11 + 0 + (70 - 23 - 52) + -12 - -94?
88
Evaluate 552 - 587 - (2 + 12).
-49
Calculate 104 - -7 - (14 + 13 - 49).
133
What is (-1 - (-1 - -1) - -3) + -120 + 204 + -87?
-1
15967 + -15969 + 0 + 34 + (-1 - 1)
30
5 - -17 - (-37 - -105)
-46
Calculate 0 + -21 - (37 + -25 + (45 - 19)).
-59
What is the value of (-2 + -17 - 3) + -60 + 56?
-26
Calculate (0 - 1) + 0 - (-2489 - -2442 - (2 - 13)).
35
(-130 - -2) + (35 - 40) - (-9 - 12 - -18)
-130
(1 - -15) + 7 + (6 - (109 + -10))
-70
9 - -3 - 1 - (1 + -11 + 74)
-53
What is 0 - (24 + -5 + -12) - (-4 + 47 + -8)?
-42
What is -21 - (59 + (-100 - -45))?
-25
3 - (14 - (7 + -2)) - (13 - 1 - 24)
6
What is 125 - (9 + (-22 - (-34 - (-1 + -20))))?
125
(-1 - (-36 + 3)) + 88 + (88 - 178)
30
4 + 72 + -74 - -28
30
What is the value of 12 + -50 + (-63 - -164)?
63
Evaluate -54 + 71 + (-60 - 20).
-63
What is 55 + -71 + (7 - 0 - 4) + (116 - 31)?
72
Evaluate 57 + -14 - (88 - 2).
-43
What is 20 + -3 + (2 - 3) - (2855 - 2888)?
49
Evaluate -52 + 19 + -108 + 73.
-68
-412 + 283 + 49 + 1 + -34
-113
What is the value of 43 + -97 + (52 - 43) + 43?
-2
Calculate (-2 - (-4 + 2)) + (111 - (9 + 1 + 5)).
96
-5 + -47 + 1 + 28 + 5 + -23
-41
Evaluate -24 + 33 + 27 + (24 - 28).
32
Calculate (47 - (-19 - -7) - 20) + 5 + -3.
41
What is the value of -5 + 1 - (-180 - -177) - (-1 - 4 - -46)?
-42
What is the value of (57 - -14 - 21) + (-5 - -4)?
49
17 + 1 + 108 + -16 + -98 + 1 + 37
50
(7 - -10) + (598 - 603)
12
What is (33 - (-96 - -117)) + (0 - 56)?
-44
Evaluate -80 - (-20 - (-17 + 5 - -16)).
-56
0 - -26 - 13 - (-8 - -8)
13
What is (-790 - -825) + -12 + 2 + -3 - (1 + 3)?
18
Calculate (-69 - -149 - 91) + -8 + -1.
-20
Calculate (-3 + -31 - -43) + (-7 - 1) - -24.
25
Evaluate 1 + 39 - (-131 + -74 - -208).
37
Evaluate (0 + -8 + 46 - 18) + (2 - -3).
25
What is the value of (75 - (-1 + 3)) + -69 + 99 + -40?
63
(-229 + 244 - (1 + -1)) + 2 + -101
-84
Evaluate -31 - (26 + -64 + 0 + -6).
13
What is the value of 3 - 12 - (-52 + (-49 - -124)) - 10?
-42
What is the value of (-20 + -6 - (110 + -126)) + 45?
35
Evaluate (45 - 33) + 72 + (3 - 31).
56
Evaluate 44 - 24 - 6 - (-2 - -1 - (4 - 1)).
18
What is the value of -35 + (17 - -50) + -46?
-14
Evaluate 57 - (75 - -7) - -61.
36
Calculate -4 + -4 - (453 - 472).
11
What is the value of 11 + 8 + -68 + 1 - -17?
-31
What is -17 + 44 + 38 + -96 + (0 - -5)?
-26
Calculate 43 + 1 + (-3 - (8 + -14 + 9)).
38
What is the value of (40 - 25 - (-13 + 38)) + -10?
-20
-1 - 0 - -1 - (-126 + (83 + 87 - -74))
-118
What is 28 + -58 + 106 + -37 + 24?
63
What is the value of -256 + 184 - -34 - (0 + -66)?
28
What is (0 - -49) + (-54 - -69) + -43?
21
2 + -1 + -93 + (4373 - 4386) + 7
-98
What is the value of -86 - (-19 + 0 + (-1 - 6) + (12 - -3))?
-75
What is (-9 + 28 - 30) + -3 + 21 - (-82 + 0)?
89
96 + -53 + (-130 - -2)
-85
What is the value of -37 + -9 + 7 + (8 - 1)?
-32
What is (99 - (36 + -38)) + -59?
42
What is -85 + 21 + ((-4 - 1) + 13 - (-5 + 23))?
-74
Evaluate (-143 - -52) + 22 - -88.
19
What is the value of (1 + -1 - (-7 - (0 - 4))) + 0 + -13?
-10
Calculate -8 + (29 - (-12 - -9)) + -9 - 3.
12
74 - 27 - 22 - 4
21
-70 + (79 - 59) + -8
-58
What is the value of -8 + 76 + (193 - 186) + 9?
84
-73 + 13 - ((-6 - 12) + (3 - -3))
-48
Evaluate -68 - (-57 - 48) - -17.
54
What is 161 + -64 + -66 - (26 - 1)?
6
What is 9 + -12 + 38 + 3?
38
What is the value of (-43 - (1 - 0)) + (1508 - 1494)?
-30
What is the value of 3 - (12 + 14 - 37)?
14
(-6 - -2) + (16 - 43) + 13 + (-2 - 1)
-21
What is the value of -11 - (18 + 24 + 23 + -76)?
0
-3 - (-76 - -38 - -4)
31
Evaluate 44 + -1 - (15 + 15 + -12 + -8).
33
Calculate 420 - 365 - (14 + -1 + 3).
39
What is the value of -1855 + 1883 - (2 + 3 - 0)?
23
What is the value of 9 - (-52 - (0 + -12 + 0 + 7)) - 7?
49
What is (-6279 + 6276 - (-1 - -1 - 3)) + (3 - 2)?
1
(-148 - -148) + (6 - (-9 + 106 - -1))
-92
-51 - (-26 + (-63 - -21))
17
What is the value of 0 - -6 - (-1 - (11 - (-14 + 21)))?
11
26 + -2 - (-64 + 209 - 43)
-78
What is (10 - 8 - -7) + -2 - 11 - 11?
-15
5 + ((3 - (2 - -10)) + -4 + 5 - 53)
-56
(-96 - -84) + (-11 - -3) + (-36 - 0)
-56
-57 - (3 + -10 + (-9 - (-24 + 10) - 0))
-55
Evaluate (21 + -7 - -3) + (16 - 57).
-24
(-66 - (-137 + -37)) + -25 - (6 + 2)
75
What is 41 + -55 - -35 - -17?
38
What is the value of -1 - (-45 - -6) - 21?
17
Evaluate (3 - (-14 + 3)) + (-584 - -575).
5
What is the value of 6 - (-9 + 7 - 8)?
16
Evaluate 68 + -72 + -5 + -1 + 1 + -12.
-21
12 - (-84 - 1 - (7 + 2) - 19)
125
What is the value of -26 - (21 - (124 + -29)) - -27?
75
What is the value of (-379 - -380) + (-1 - -19) + 3 + -2?
20
What is the value of 19 + -84 - ((-1 - -9) + 5 - 25)?
-53
What is 2 - -11 - (-945 - -919)?
39
What is (6 - (40 + -10)) + -9 + (16 - 31)?
-48
What is the value of 13 - -1 - (116 - (173 + -102))?
-31
Evaluate 72 - (-130 - (27 + -294)).
-65
-9 + (-10 - -26) + -2 + (1 - 42)
-36
What is 9 - (-15 + 15 + -1) - -19?
29
What is the value of 2 - (-9 - 27 - -19) - 73?
-54
What is the value of -18 - -1 - (67 - (36 - -5))?
-43
5 + -29 + 42 + -5 + 70
83
What is the value of 18 + (-7 - (32 - -94))?
-115
31 - (109 + (27 - 65) + 29)
-69
What is -68 - (-12 - 71 - -38)?
-23
What is (23 - (14 - (2 - -11))) + -10?
12
57 - (116 - 40) - (-4 + -53)
38
What is -143 - -60 - (-31 - 6)?
-46
3 + (-2 + (1 - 3) - 3) - (-199 - -207)
-12
61 + (-183 - -50) - -94
22
What is the value of (-1 - 0) + 11 + 1 + 630 + (-540 - 69)?
32
What is 7 + 3 - (-62 + 35 + 25)?
12
Calculate 19 + 14 + -21 + -24 - -8.
-4
What is the value of -4 + (683 + -684 - (1 - 4 - (-28 - 1)))?
-31
Evaluate -62 - (38 - 90) - (6 + -1).
-15
-28 - 1 - (-3 + (18 - 28) - (-2 + -1))
-19
What is 47 + -1 + -6 + (-15 - 3 - (-18 + 0))?
40
(-6 - -150) + (73 - 84) + -19
114
Calculate -25 + 55 + -2 - 56.
-28
Calculate (757 - 785) + 3 + 0 - 54.
-79
What is the value of (-107 - (-3 + 36)) + 124?
-16
-43 - (5 - (22 + (-9 - 1)))
-36
54 + -1 + 1 - (-1 + -75 + -136 + 218)
48
What is the value of (32 - (71 - 27)) + 61?
49
133 + -73 + 16 + -36
40
Calculate -15 + -28 + -28 + 70 + (-1 + 0 - -45).
43
What is -84 + -33 + 24 + 5?
-88
Evaluate -7 - (-51 + 19 + 29 + -75).
71
What is ((-18 - -36) + -16 - 1) + -2 + -48?
-49
Calculate (1 - 1) + 10 - ((-94 - -41) + 8 + 3).
52
Evaluate 1 - 47 - (775 + -864).
43
38 - (9 - 13) - (-774 + 733)
83
(40 - 4) + (-7 - (-8 + -3 + -11 + 9))
42
Calculate -2 - 49 - (-3094 - -3053).
-10
Evaluate (-27 - -4) + 28 + 39 + 12.
56
Evaluate (-7542 - -7444) + (16 - (-3 - -1)) + 0.
-80
What is 50 + 1 + (-15 - (-6 - (5 + 0)))?
47
(-27 - -1) + (98 - 67) + -42
-37
Evaluate (-2 - (-16 + -6 + 12)) + -40.
-32
(21 - (-322 - -451)) + 9 + -1
-100
Evaluate -1574 - -1552 - (95 + (0 - -2)).
-119
What is the value of (-6 - -29) + (-7 - 9) - (-24 + 2)?
29
Evaluate (-4 - -1 - (2 + -8)) + 166 + -168 - -3.
4
Evaluate -34 + 